CRAN Package Check Results for Package NEArender

Last updated on 2020-01-25 04:46:56 CET.

Flavor Version Tinstall Tcheck Ttotal Status Flags
r-devel-linux-x86_64-debian-clang 1.5 8.94 285.94 294.88 NOTE
r-devel-linux-x86_64-debian-gcc 1.5 9.05 244.49 253.54 NOTE
r-devel-linux-x86_64-fedora-clang 1.5 352.95 NOTE
r-devel-linux-x86_64-fedora-gcc 1.5 349.47 NOTE
r-devel-windows-ix86+x86_64 1.5 25.00 401.00 426.00 OK
r-devel-windows-ix86+x86_64-gcc8 1.5 21.00 410.00 431.00 OK
r-patched-linux-x86_64 1.5 9.09 276.97 286.06 OK
r-patched-solaris-x86 1.5 375.60 OK
r-release-linux-x86_64 1.5 8.76 282.73 291.49 OK
r-release-windows-ix86+x86_64 1.5 21.00 295.00 316.00 OK
r-release-osx-x86_64 1.5 OK
r-oldrel-windows-ix86+x86_64 1.5 11.00 79.00 90.00 WARN
r-oldrel-osx-x86_64 1.5 OK

Check Details

Version: 1.5
Check: for non-standard things in the check directory
Result: NOTE
    Found the following files/directories:
     'single_gene_ags.groups.tsv'
Flavors: r-devel-linux-x86_64-debian-clang, r-devel-linux-x86_64-debian-gcc, r-devel-linux-x86_64-fedora-clang, r-devel-linux-x86_64-fedora-gcc

Version: 1.5
Check: re-building of vignette outputs
Result: WARN
    Error in re-building vignettes:
     ...
    Warning in block_exec(params) :
     Failed to tidy R code in chunk 'unnamed-chunk-2'. Reason:
    Error in loadNamespace(name) : there is no package called 'formatR'
    
    Warning in block_exec(params) :
     Failed to tidy R code in chunk 'unnamed-chunk-3'. Reason:
    Error in loadNamespace(name) : there is no package called 'formatR'
    
    Warning in block_exec(params) :
     Failed to tidy R code in chunk 'unnamed-chunk-4'. Reason:
    Error in loadNamespace(name) : there is no package called 'formatR'
    
    Warning in block_exec(params) :
     Failed to tidy R code in chunk 'unnamed-chunk-5'. Reason:
    Error in loadNamespace(name) : there is no package called 'formatR'
    
    Quitting from lines 174-175 (NEArender_vignette.Rmd)
    Error: processing vignette 'NEArender_vignette.Rmd' failed with diagnostics:
    cannot open the connection
    Execution halted
Flavor: r-oldrel-windows-ix86+x86_64