CRAN Package Check Results for Package MonetDB.R

Last updated on 2019-11-13 10:47:17 CET.

Flavor Version Tinstall Tcheck Ttotal Status Flags
r-devel-linux-x86_64-debian-clang 1.0.1 5.68 29.93 35.61 NOTE
r-devel-linux-x86_64-debian-gcc 1.0.1 4.83 24.03 28.86 NOTE
r-devel-linux-x86_64-fedora-clang 1.0.1 43.40 NOTE
r-devel-linux-x86_64-fedora-gcc 1.0.1 43.23 NOTE
r-devel-windows-ix86+x86_64 1.0.1 20.00 48.00 68.00 NOTE
r-patched-linux-x86_64 1.0.1 4.78 29.15 33.93 NOTE
r-patched-solaris-x86 1.0.1 60.90 NOTE
r-release-linux-x86_64 1.0.1 4.37 29.43 33.80 NOTE
r-release-windows-ix86+x86_64 1.0.1 18.00 53.00 71.00 NOTE
r-release-osx-x86_64 1.0.1 NOTE
r-oldrel-windows-ix86+x86_64 1.0.1 12.00 76.00 88.00 NOTE
r-oldrel-osx-x86_64 1.0.1 NOTE

Check Details

Version: 1.0.1
Check: package dependencies
Result: NOTE
    Package which this enhances but not available for checking: 'MonetDBLite'
Flavors: r-devel-linux-x86_64-debian-clang, r-devel-linux-x86_64-debian-gcc, r-devel-linux-x86_64-fedora-clang, r-devel-linux-x86_64-fedora-gcc, r-patched-linux-x86_64, r-patched-solaris-x86, r-release-linux-x86_64

Version: 1.0.1
Check: dependencies in R code
Result: NOTE
    Missing or unexported objects:
     'dplyr::base_agg' 'dplyr::base_scalar' 'dplyr::build_sql'
     'dplyr::is.ident' 'dplyr::sql_infix' 'dplyr::sql_prefix'
     'dplyr::sql_translator' 'dplyr::sql_variant' 'dplyr::src_sql'
     'dplyr::tbl_sql'
Flavors: r-devel-linux-x86_64-debian-clang, r-devel-linux-x86_64-debian-gcc, r-devel-linux-x86_64-fedora-clang, r-devel-linux-x86_64-fedora-gcc, r-devel-windows-ix86+x86_64, r-patched-linux-x86_64, r-patched-solaris-x86, r-release-linux-x86_64, r-release-windows-ix86+x86_64, r-release-osx-x86_64, r-oldrel-windows-ix86+x86_64, r-oldrel-osx-x86_64

Version: 1.0.1
Check: compiled code
Result: NOTE
    File ‘MonetDB.R/libs/MonetDB.R.so’:
     Found no calls to: ‘R_registerRoutines’, ‘R_useDynamicSymbols’
    
    It is good practice to register native routines and to disable symbol
    search.
    
    See ‘Writing portable packages’ in the ‘Writing R Extensions’ manual.
Flavors: r-devel-linux-x86_64-fedora-clang, r-devel-linux-x86_64-fedora-gcc