CRAN Package Check Results for Package MetaUtility

Last updated on 2024-05-25 11:49:37 CEST.

Flavor Version Tinstall Tcheck Ttotal Status Flags
r-devel-linux-x86_64-debian-clang 2.1.2 18.02 115.28 133.30 OK
r-devel-linux-x86_64-debian-gcc 2.1.2 12.35 84.03 96.38 OK
r-devel-linux-x86_64-fedora-clang 2.1.2 160.80 NOTE
r-devel-linux-x86_64-fedora-gcc 2.1.2 149.67 NOTE
r-devel-windows-x86_64 2.1.2 13.00 99.00 112.00 OK
r-patched-linux-x86_64 2.1.2 12.79 110.43 123.22 OK
r-release-linux-x86_64 2.1.2 12.61 107.83 120.44 OK
r-release-macos-arm64 2.1.2 46.00 OK
r-release-windows-x86_64 2.1.2 15.00 98.00 113.00 OK
r-oldrel-macos-arm64 2.1.2 47.00 OK
r-oldrel-macos-x86_64 2.1.2 76.00 OK
r-oldrel-windows-x86_64 2.1.2 17.00 121.00 138.00 OK

Check Details

Version: 2.1.2
Check: dependencies in R code
Result: NOTE Namespace in Imports field not imported from: ‘metadat’ All declared Imports should be used. Flavors: r-devel-linux-x86_64-fedora-clang, r-devel-linux-x86_64-fedora-gcc