CRAN Package Check Results for Package MetaIntegrator

Last updated on 2021-05-18 17:48:16 CEST.

Flavor Version Tinstall Tcheck Ttotal Status Flags
r-devel-linux-x86_64-debian-clang 2.1.3 15.86 158.70 174.56 OK
r-devel-linux-x86_64-debian-gcc 2.1.3 13.39 116.14 129.53 OK
r-devel-linux-x86_64-fedora-clang 2.1.3 226.06 NOTE
r-devel-linux-x86_64-fedora-gcc 2.1.3 205.20 NOTE
r-devel-windows-ix86+x86_64 2.1.3 34.00 205.00 239.00 OK
r-devel-windows-x86_64-gcc10-UCRT 2.1.3 NOTE
r-patched-linux-x86_64 2.1.3 15.40 148.26 163.66 OK
r-patched-solaris-x86 2.1.3 272.10 NOTE
r-release-linux-x86_64 2.1.3 14.41 147.32 161.73 OK
r-release-macos-x86_64 2.1.3 ERROR
r-release-windows-ix86+x86_64 2.1.3 21.00 137.00 158.00 OK
r-oldrel-macos-x86_64 2.1.3 WARN
r-oldrel-windows-ix86+x86_64 2.1.3 29.00 172.00 201.00 WARN

Check Details

Version: 2.1.3
Check: package dependencies
Result: NOTE
    Imports includes 35 non-default packages.
    Importing from so many packages makes the package vulnerable to any of
    them becoming unavailable. Move as many as possible to Suggests and
    use conditionally.
Flavor: r-devel-linux-x86_64-fedora-clang

Version: 2.1.3
Check: dependencies in R code
Result: NOTE
    Namespaces in Imports field not imported from:
     ‘BiocManager’ ‘DT’ ‘GEOmetadb’ ‘RMySQL’ ‘RSQLite’ ‘gplots’ ‘pheatmap’
     ‘readr’
     All declared Imports should be used.
Flavors: r-devel-linux-x86_64-fedora-clang, r-devel-linux-x86_64-fedora-gcc, r-devel-windows-x86_64-gcc10-UCRT, r-patched-solaris-x86, r-oldrel-macos-x86_64

Version: 2.1.3
Check: package dependencies
Result: ERROR
    Package required but not available: ‘GEOmetadb’
    
    See section ‘The DESCRIPTION file’ in the ‘Writing R Extensions’
    manual.
Flavor: r-release-macos-x86_64

Version: 2.1.3
Check: package dependencies
Result: NOTE
    Package suggested but not available for checking: ‘BiocStyle’
Flavor: r-oldrel-macos-x86_64

Version: 2.1.3
Check: re-building of vignette outputs
Result: WARN
    Error(s) in re-building vignettes:
     ...
    --- re-building ‘MetaIntegrator.Rmd’ using rmarkdown
    Warning in engine$weave(file, quiet = quiet, encoding = enc) :
     Pandoc (>= 1.12.3) and/or pandoc-citeproc not available. Falling back to R Markdown v1.
    Quitting from lines 29-30 (MetaIntegrator.Rmd)
    Error: processing vignette 'MetaIntegrator.Rmd' failed with diagnostics:
    there is no package called 'BiocStyle'
    --- failed re-building ‘MetaIntegrator.Rmd’
    
    --- re-building ‘MetaIntegratorRealExample.Rmd’ using rmarkdown_notangle
    Warning in engine$weave(file, quiet = quiet, encoding = enc) :
     Pandoc (>= 1.12.3) and/or pandoc-citeproc not available. Falling back to R Markdown v1.
    --- finished re-building ‘MetaIntegratorRealExample.Rmd’
    
    SUMMARY: processing the following file failed:
     ‘MetaIntegrator.Rmd’
    
    Error: Vignette re-building failed.
    Execution halted
Flavor: r-oldrel-macos-x86_64

Version: 2.1.3
Check: re-building of vignette outputs
Result: WARN
    Error(s) in re-building vignettes:
    --- re-building 'MetaIntegrator.Rmd' using rmarkdown
    Quitting from lines 18-26 (MetaIntegrator.Rmd)
    Error: processing vignette 'MetaIntegrator.Rmd' failed with diagnostics:
    argument is of length zero
    --- failed re-building 'MetaIntegrator.Rmd'
    
    --- re-building 'MetaIntegratorRealExample.Rmd' using rmarkdown_notangle
    --- finished re-building 'MetaIntegratorRealExample.Rmd'
    
    SUMMARY: processing the following file failed:
     'MetaIntegrator.Rmd'
    
    Error: Vignette re-building failed.
    Execution halted
Flavor: r-oldrel-windows-ix86+x86_64