CRAN Package Check Results for Package MUS

Last updated on 2019-03-19 16:51:40 CET.

Flavor Version Tinstall Tcheck Ttotal Status Flags
r-devel-linux-x86_64-debian-clang 0.1.5 3.86 27.99 31.85 OK
r-devel-linux-x86_64-debian-gcc 0.1.5 2.69 22.31 25.00 OK
r-devel-linux-x86_64-fedora-clang 0.1.5 37.68 OK
r-devel-linux-x86_64-fedora-gcc 0.1.5 36.74 OK
r-devel-windows-ix86+x86_64 0.1.5 9.00 46.00 55.00 OK
r-patched-linux-x86_64 0.1.5 1.95 26.40 28.35 NOTE
r-patched-solaris-x86 0.1.5 50.70 OK
r-release-linux-x86_64 0.1.5 2.04 26.43 28.47 NOTE
r-release-windows-ix86+x86_64 0.1.5 7.00 35.00 42.00 OK
r-release-osx-x86_64 0.1.5 OK
r-oldrel-windows-ix86+x86_64 0.1.5 3.00 48.00 51.00 OK
r-oldrel-osx-x86_64 0.1.5 OK

Check Details

Version: 0.1.5
Check: DESCRIPTION meta-information
Result: NOTE
    Dependence on R version ‘3.3.2’ not with patchlevel 0
Flavors: r-patched-linux-x86_64, r-release-linux-x86_64