CRAN Package Check Results for Package MPDiR

Last updated on 2021-04-20 05:47:40 CEST.

Flavor Version Tinstall Tcheck Ttotal Status Flags
r-devel-linux-x86_64-debian-clang 0.1-19 2.25 26.22 28.47 OK
r-devel-linux-x86_64-debian-gcc 0.1-19 1.87 20.39 22.26 OK
r-devel-linux-x86_64-fedora-clang 0.1-19 44.11 NOTE
r-devel-linux-x86_64-fedora-gcc 0.1-19 35.25 OK
r-devel-windows-ix86+x86_64 0.1-19 5.00 32.00 37.00 OK
r-devel-windows-x86_64-gcc10-UCRT 0.1-19 OK
r-patched-linux-x86_64 0.1-19 2.44 25.04 27.48 WARN
r-patched-solaris-x86 0.1-19 50.10 OK
r-release-linux-x86_64 0.1-19 1.85 24.93 26.78 OK
r-release-macos-x86_64 0.1-19 OK
r-release-windows-ix86+x86_64 0.1-19 5.00 43.00 48.00 OK
r-oldrel-macos-x86_64 0.1-19 NOTE
r-oldrel-windows-ix86+x86_64 0.1-19 3.00 41.00 44.00 NOTE

Check Details

Version: 0.1-19
Check: Rd cross-references
Result: NOTE
    Undeclared package ‘lme4’ in Rd xrefs
Flavor: r-devel-linux-x86_64-fedora-clang

Version: 0.1-19
Check: whether package can be installed
Result: WARN
    Found the following significant warnings:
     Rd warning: /tmp/Rtmp2RxkE6/R.INSTALL1de855a216d6/MPDiR/man/panel.psyfun.Rd:6: file link ‘panel.lmline’ in package ‘lattice’ does not exist and so has been treated as a topic
Flavor: r-patched-linux-x86_64

Version: 0.1-19
Check: R code for possible problems
Result: NOTE
    plot.binom.diag: no visible global function definition for ‘plot’
    Undefined global functions or variables:
     plot
    Consider adding
     importFrom("graphics", "plot")
    to your NAMESPACE file.
Flavors: r-oldrel-macos-x86_64, r-oldrel-windows-ix86+x86_64