CRAN Package Check Results for Package MM4LMM

Last updated on 2020-09-19 05:49:34 CEST.

Flavor Version Tinstall Tcheck Ttotal Status Flags
r-devel-linux-x86_64-debian-clang 2.0.2 72.99 72.57 145.56 OK
r-devel-linux-x86_64-debian-gcc 2.0.2 61.10 56.99 118.09 OK
r-devel-linux-x86_64-fedora-clang 2.0.2 206.45 NOTE
r-devel-linux-x86_64-fedora-gcc 2.0.2 208.01 OK
r-devel-windows-ix86+x86_64 2.0.2 145.00 143.00 288.00 OK
r-patched-linux-x86_64 2.0.2 73.18 72.53 145.71 OK
r-patched-solaris-x86 2.0.2 208.30 OK
r-release-linux-x86_64 2.0.2 66.27 72.59 138.86 OK
r-release-macos-x86_64 2.0.2 NOTE
r-release-windows-ix86+x86_64 2.0.2 140.00 117.00 257.00 OK
r-oldrel-macos-x86_64 2.0.2 NOTE
r-oldrel-windows-ix86+x86_64 2.0.2 88.00 130.00 218.00 OK

Check Details

Version: 2.0.2
Check: installed package size
Result: NOTE
     installed size is 20.7Mb
     sub-directories of 1Mb or more:
     libs 20.1Mb
Flavors: r-devel-linux-x86_64-fedora-clang, r-release-macos-x86_64, r-oldrel-macos-x86_64