CRAN Package Check Results for Package MLMOI

Last updated on 2021-05-08 05:57:13 CEST.

Flavor Version Tinstall Tcheck Ttotal Status Flags
r-devel-linux-x86_64-debian-clang 0.1.1 6.79 60.78 67.57 NOTE
r-devel-linux-x86_64-debian-gcc 0.1.1 4.50 46.72 51.22 NOTE
r-devel-linux-x86_64-fedora-clang 0.1.1 85.79 NOTE
r-devel-linux-x86_64-fedora-gcc 0.1.1 79.27 NOTE
r-devel-windows-ix86+x86_64 0.1.1 8.00 81.00 89.00 NOTE
r-devel-windows-x86_64-gcc10-UCRT 0.1.1 NOTE
r-patched-linux-x86_64 0.1.1 6.06 59.38 65.44 NOTE
r-release-linux-x86_64 0.1.1 6.00 58.51 64.51 OK
r-release-macos-x86_64 0.1.1 OK
r-release-windows-ix86+x86_64 0.1.1 8.00 62.00 70.00 OK
r-oldrel-macos-x86_64 0.1.1 OK
r-oldrel-windows-ix86+x86_64 0.1.1 9.00 71.00 80.00 WARN

Check Details

Version: 0.1.1
Check: LazyData
Result: NOTE
     'LazyData' is specified without a 'data' directory
Flavors: r-devel-linux-x86_64-debian-clang, r-devel-linux-x86_64-debian-gcc, r-devel-linux-x86_64-fedora-clang, r-devel-linux-x86_64-fedora-gcc, r-devel-windows-ix86+x86_64, r-devel-windows-x86_64-gcc10-UCRT, r-patched-linux-x86_64

Version: 0.1.1
Check: Rd files
Result: WARN
    MLMOI.Rd:54: First argument to \href must be verbatim URL
    problem found in 'MLMOI.Rd'
Flavor: r-oldrel-windows-ix86+x86_64