CRAN Package Check Results for Package MAclinical

Last updated on 2021-05-08 05:57:11 CEST.

Flavor Version Tinstall Tcheck Ttotal Status Flags
r-devel-linux-x86_64-debian-clang 1.0-5 11.37 105.65 117.02 NOTE
r-devel-linux-x86_64-debian-gcc 1.0-5 9.78 80.58 90.36 NOTE
r-devel-linux-x86_64-fedora-clang 1.0-5 151.60 NOTE
r-devel-linux-x86_64-fedora-gcc 1.0-5 148.44 NOTE
r-devel-windows-ix86+x86_64 1.0-5 19.00 129.00 148.00 NOTE
r-devel-windows-x86_64-gcc10-UCRT 1.0-5 NOTE
r-patched-linux-x86_64 1.0-5 12.92 102.25 115.17 NOTE
r-patched-solaris-x86 1.0-5 212.10 NOTE
r-release-linux-x86_64 1.0-5 11.16 97.61 108.77 NOTE
r-release-macos-x86_64 1.0-5 NOTE
r-release-windows-ix86+x86_64 1.0-5 19.00 99.00 118.00 NOTE
r-oldrel-macos-x86_64 1.0-5 NOTE
r-oldrel-windows-ix86+x86_64 1.0-5 25.00 0.00 25.00 ERROR

Check Details

Version: 1.0-5
Check: R code for possible problems
Result: NOTE
    logistic_z: no visible global function definition for 'glm'
    logistic_z: no visible binding for global variable 'binomial'
    logistic_z: no visible global function definition for 'predict'
    plsrf_x: no visible global function definition for 'qnorm'
    plsrf_x: no visible global function definition for 'predict'
    plsrf_x_pv: no visible global function definition for 'qnorm'
    plsrf_x_pv: no visible global function definition for 'predict'
    plsrf_xz: no visible global function definition for 'qnorm'
    plsrf_xz: no visible global function definition for 'predict'
    plsrf_xz_pv: no visible global function definition for 'qnorm'
    plsrf_xz_pv: no visible global function definition for 'predict'
    rf_z: no visible global function definition for 'qnorm'
    rf_z: no visible global function definition for 'predict'
    simuldata_list: no visible global function definition for 'rnorm'
    simuldatacluster_list: no visible global function definition for
     'rnorm'
    svm_x: no visible global function definition for 'predict'
    Undefined global functions or variables:
     binomial glm predict qnorm rnorm
    Consider adding
     importFrom("stats", "binomial", "glm", "predict", "qnorm", "rnorm")
    to your NAMESPACE file.
Flavors: r-devel-linux-x86_64-debian-clang, r-devel-linux-x86_64-debian-gcc, r-devel-linux-x86_64-fedora-clang, r-devel-linux-x86_64-fedora-gcc, r-devel-windows-ix86+x86_64, r-devel-windows-x86_64-gcc10-UCRT, r-patched-linux-x86_64, r-patched-solaris-x86, r-release-linux-x86_64, r-release-macos-x86_64, r-release-windows-ix86+x86_64, r-oldrel-macos-x86_64

Version: 1.0-5
Check: whether package can be installed
Result: ERROR
    Installation failed.
    See 'd:/Rcompile/CRANpkg/local/3.6/MAclinical.Rcheck/00install.out'*
    Check process probably crashed or hung up for 20 minutes ... killed
    Most likely this happened in the example checks (?),
    if not, ignore the following last lines of example output:
    
    ======== End of example output (where/before crash/hang up occured ?) ========
Flavor: r-oldrel-windows-ix86+x86_64