CRAN Package Check Results for Package LaF

Last updated on 2019-11-18 10:48:17 CET.

Flavor Version Tinstall Tcheck Ttotal Status Flags
r-devel-linux-x86_64-debian-clang 0.8.0 97.52 40.10 137.62 NOTE
r-devel-linux-x86_64-debian-gcc 0.8.0 60.93 32.30 93.23 NOTE
r-devel-linux-x86_64-fedora-clang 0.8.0 200.26 NOTE
r-devel-linux-x86_64-fedora-gcc 0.8.0 174.10 NOTE
r-devel-windows-ix86+x86_64 0.8.0 247.00 81.00 328.00 OK
r-patched-linux-x86_64 0.8.0 67.79 38.20 105.99 OK
r-patched-solaris-x86 0.8.0 174.70 OK
r-release-linux-x86_64 0.8.0 66.05 37.88 103.93 OK
r-release-windows-ix86+x86_64 0.8.0 172.00 104.00 276.00 OK
r-release-osx-x86_64 0.8.0 OK
r-oldrel-windows-ix86+x86_64 0.8.0 259.00 114.00 373.00 OK
r-oldrel-osx-x86_64 0.8.0 OK

Check Details

Version: 0.8.0
Check: for non-standard things in the check directory
Result: NOTE
    Found the following files/directories:
     'tmp.bla' 'tmp.csv' 'tmp.dat' 'tmp.yaml' 'tmp2.csv'
Flavors: r-devel-linux-x86_64-debian-clang, r-devel-linux-x86_64-debian-gcc, r-devel-linux-x86_64-fedora-clang, r-devel-linux-x86_64-fedora-gcc