CRAN Package Check Results for Package LRcontrast

Last updated on 2024-05-22 11:25:00 CEST.

Flavor Version Tinstall Tcheck Ttotal Status Flags
r-devel-linux-x86_64-debian-clang 1.0 3.33 32.28 35.61 OK
r-devel-linux-x86_64-debian-gcc 1.0 2.73 24.06 26.79 OK
r-devel-linux-x86_64-fedora-clang 1.0 44.90 NOTE
r-devel-linux-x86_64-fedora-gcc 1.0 42.11 NOTE
r-devel-windows-x86_64 1.0 6.00 46.00 52.00 OK
r-patched-linux-x86_64 1.0 4.06 31.36 35.42 OK
r-release-linux-x86_64 1.0 3.87 31.04 34.91 OK
r-release-macos-arm64 1.0 19.00 OK
r-release-windows-x86_64 1.0 7.00 47.00 54.00 OK
r-oldrel-macos-arm64 1.0 21.00 OK
r-oldrel-macos-x86_64 1.0 28.00 OK
r-oldrel-windows-x86_64 1.0 7.00 50.00 57.00 OK

Check Details

Version: 1.0
Check: compiled code
Result: NOTE File ‘LRcontrast/libs/LRcontrast.so’: Found no calls to: ‘R_registerRoutines’, ‘R_useDynamicSymbols’ It is good practice to register native routines and to disable symbol search. See ‘Writing portable packages’ in the ‘Writing R Extensions’ manual. Flavors: r-devel-linux-x86_64-fedora-clang, r-devel-linux-x86_64-fedora-gcc