CRAN Package Check Results for Package LEANR

Last updated on 2021-05-08 11:50:29 CEST.

Flavor Version Tinstall Tcheck Ttotal Status Flags
r-devel-linux-x86_64-debian-clang 1.4.9 9.49 124.89 134.38 OK
r-devel-linux-x86_64-debian-gcc 1.4.9 6.62 91.13 97.75 OK
r-devel-linux-x86_64-fedora-clang 1.4.9 170.07 OK
r-devel-linux-x86_64-fedora-gcc 1.4.9 165.48 OK
r-devel-windows-ix86+x86_64 1.4.9 9.00 157.00 166.00 NOTE
r-devel-windows-x86_64-gcc10-UCRT 1.4.9 NOTE
r-patched-linux-x86_64 1.4.9 8.05 119.21 127.26 OK
r-patched-solaris-x86 1.4.9 207.90 OK
r-release-linux-x86_64 1.4.9 7.58 119.02 126.60 OK
r-release-macos-x86_64 1.4.9 OK
r-release-windows-ix86+x86_64 1.4.9 10.00 112.00 122.00 NOTE
r-oldrel-macos-x86_64 1.4.9 OK
r-oldrel-windows-ix86+x86_64 1.4.9 13.00 153.00 166.00 NOTE

Check Details

Version: 1.4.9
Check: package dependencies
Result: NOTE
    Package suggested but not available for checking: 'doMC'
Flavors: r-devel-windows-ix86+x86_64, r-devel-windows-x86_64-gcc10-UCRT, r-release-windows-ix86+x86_64, r-oldrel-windows-ix86+x86_64