CRAN Package Check Results for Package InterfaceqPCR

Last updated on 2021-05-08 00:47:08 CEST.

Flavor Version Tinstall Tcheck Ttotal Status Flags
r-devel-linux-x86_64-debian-clang 1.0 13.78 92.27 106.05 NOTE
r-devel-linux-x86_64-debian-gcc 1.0 10.31 70.95 81.26 NOTE
r-devel-linux-x86_64-fedora-clang 1.0 141.58 NOTE
r-devel-linux-x86_64-fedora-gcc 1.0 126.01 NOTE
r-devel-windows-ix86+x86_64 1.0 12.00 90.00 102.00 NOTE
r-devel-windows-x86_64-gcc10-UCRT 1.0 NOTE
r-patched-linux-x86_64 1.0 14.24 90.50 104.74 NOTE
r-patched-solaris-x86 1.0 148.50 OK
r-release-linux-x86_64 1.0 14.34 86.28 100.62 OK
r-release-macos-x86_64 1.0 OK
r-release-windows-ix86+x86_64 1.0 14.00 69.00 83.00 OK
r-oldrel-macos-x86_64 1.0 FAIL
r-oldrel-windows-ix86+x86_64 1.0 20.00 87.00 107.00 OK

Check Details

Version: 1.0
Check: LazyData
Result: NOTE
     'LazyData' is specified without a 'data' directory
Flavors: r-devel-linux-x86_64-debian-clang, r-devel-linux-x86_64-debian-gcc, r-devel-linux-x86_64-fedora-clang, r-devel-linux-x86_64-fedora-gcc, r-devel-windows-ix86+x86_64, r-devel-windows-x86_64-gcc10-UCRT, r-patched-linux-x86_64

Version: 1.0
Check: whether package can be installed
Result: FAIL
Flavor: r-oldrel-macos-x86_64