CRAN Package Check Results for Package ISM

Last updated on 2021-05-08 05:57:10 CEST.

Flavor Version Tinstall Tcheck Ttotal Status Flags
r-devel-linux-x86_64-debian-clang 0.1.0 8.72 81.80 90.52 NOTE
r-devel-linux-x86_64-debian-gcc 0.1.0 6.36 61.29 67.65 NOTE
r-devel-linux-x86_64-fedora-clang 0.1.0 112.58 NOTE
r-devel-linux-x86_64-fedora-gcc 0.1.0 97.36 NOTE
r-devel-windows-ix86+x86_64 0.1.0 9.00 78.00 87.00 NOTE
r-devel-windows-x86_64-gcc10-UCRT 0.1.0 NOTE
r-patched-linux-x86_64 0.1.0 8.85 79.98 88.83 NOTE
r-patched-solaris-x86 0.1.0 108.80 OK
r-release-linux-x86_64 0.1.0 8.64 76.65 85.29 OK
r-release-macos-x86_64 0.1.0 OK
r-release-windows-ix86+x86_64 0.1.0 10.00 55.00 65.00 OK
r-oldrel-macos-x86_64 0.1.0 OK
r-oldrel-windows-ix86+x86_64 0.1.0 12.00 70.00 82.00 OK

Check Details

Version: 0.1.0
Check: LazyData
Result: NOTE
     'LazyData' is specified without a 'data' directory
Flavors: r-devel-linux-x86_64-debian-clang, r-devel-linux-x86_64-debian-gcc, r-devel-linux-x86_64-fedora-clang, r-devel-linux-x86_64-fedora-gcc, r-devel-windows-ix86+x86_64, r-devel-windows-x86_64-gcc10-UCRT, r-patched-linux-x86_64