CRAN Package Check Results for Package IOHanalyzer

Last updated on 2020-04-01 05:48:26 CEST.

Flavor Version Tinstall Tcheck Ttotal Status Flags
r-devel-linux-x86_64-debian-clang 0.1.3 70.42 105.37 175.79 OK
r-devel-linux-x86_64-debian-gcc 0.1.3 50.89 91.38 142.27 OK
r-devel-linux-x86_64-fedora-clang 0.1.3 206.92 NOTE
r-devel-linux-x86_64-fedora-gcc 0.1.3 197.42 NOTE
r-devel-windows-ix86+x86_64 0.1.3 91.00 152.00 243.00 OK
r-devel-windows-ix86+x86_64-gcc8 0.1.3 114.00 171.00 285.00 NOTE
r-patched-linux-x86_64 0.1.3 57.96 92.68 150.64 OK
r-patched-solaris-x86 0.1.3 230.90 NOTE
r-release-linux-x86_64 0.1.3 59.89 89.14 149.03 OK
r-release-windows-ix86+x86_64 0.1.3 107.00 165.00 272.00 OK
r-release-osx-x86_64 0.1.3 NOTE
r-oldrel-windows-ix86+x86_64 0.1.3 148.00 223.00 371.00 OK
r-oldrel-osx-x86_64 0.1.3 NOTE

Check Details

Version: 0.1.3
Check: package dependencies
Result: NOTE
    Imports includes 22 non-default packages.
    Importing from so many packages makes the package vulnerable to any of
    them becoming unavailable. Move as many as possible to Suggests and
    use conditionally.
Flavor: r-devel-linux-x86_64-fedora-clang

Version: 0.1.3
Check: dependencies in R code
Result: NOTE
    Namespaces in Imports field not imported from:
     ‘DT’ ‘bsplus’ ‘colourpicker’ ‘kableExtra’ ‘markdown’ ‘reshape2’
     ‘shinydashboard’ ‘shinyjs’
     All declared Imports should be used.
Flavors: r-devel-linux-x86_64-fedora-clang, r-devel-linux-x86_64-fedora-gcc, r-patched-solaris-x86, r-release-osx-x86_64, r-oldrel-osx-x86_64

Version: 0.1.3
Check: data for non-ASCII characters
Result: NOTE
     Note: found 75 marked UTF-8 strings
Flavors: r-devel-linux-x86_64-fedora-clang, r-devel-linux-x86_64-fedora-gcc, r-patched-solaris-x86, r-release-osx-x86_64, r-oldrel-osx-x86_64

Version: 0.1.3
Check: installed package size
Result: NOTE
     installed size is 5.1Mb
     sub-directories of 1Mb or more:
     data 1.4Mb
     libs 2.3Mb
Flavor: r-devel-windows-ix86+x86_64-gcc8