CRAN Package Check Results for Package IMaGES

Last updated on 2020-05-31 00:47:07 CEST.

Flavor Version Tinstall Tcheck Ttotal Status Flags
r-devel-linux-x86_64-debian-clang 0.1.1 100.89 99.75 200.64 OK
r-devel-linux-x86_64-debian-gcc 0.1.1 85.69 76.16 161.85 OK
r-devel-linux-x86_64-fedora-clang 0.1.1 303.94 NOTE
r-devel-linux-x86_64-fedora-gcc 0.1.1 279.66 OK
r-devel-windows-ix86+x86_64 0.1.1 256.00 201.00 457.00 OK
r-patched-linux-x86_64 0.1.1 94.33 98.83 193.16 OK
r-patched-solaris-x86 0.1.1 269.30 OK
r-release-linux-x86_64 0.1.1 91.28 99.58 190.86 OK
r-release-osx-x86_64 0.1.1 NOTE
r-release-windows-ix86+x86_64 0.1.1 203.00 204.00 407.00 OK
r-oldrel-osx-x86_64 0.1.1 NOTE
r-oldrel-windows-ix86+x86_64 0.1.1 256.00 196.00 452.00 OK

Check Details

Version: 0.1.1
Check: installed package size
Result: NOTE
     installed size is 9.6Mb
     sub-directories of 1Mb or more:
     libs 8.1Mb
Flavors: r-devel-linux-x86_64-fedora-clang, r-release-osx-x86_64, r-oldrel-osx-x86_64