CRAN Package Check Results for Package IMIFA

Last updated on 2021-05-09 17:46:52 CEST.

Flavor Version Tinstall Tcheck Ttotal Status Flags
r-devel-linux-x86_64-debian-clang 2.1.5 23.48 125.27 148.75 OK
r-devel-linux-x86_64-debian-gcc 2.1.5 21.55 92.17 113.72 OK
r-devel-linux-x86_64-fedora-clang 2.1.5 189.37 OK
r-devel-linux-x86_64-fedora-gcc 2.1.5 178.69 OK
r-devel-windows-ix86+x86_64 2.1.5 27.00 144.00 171.00 OK
r-devel-windows-x86_64-gcc10-UCRT 2.1.5 OK
r-patched-linux-x86_64 2.1.5 22.63 121.74 144.37 OK
r-patched-solaris-x86 2.1.5 231.30 OK
r-release-linux-x86_64 2.1.5 22.61 123.00 145.61 OK
r-release-macos-x86_64 2.1.5 OK
r-release-windows-ix86+x86_64 2.1.5 28.00 112.00 140.00 OK
r-oldrel-macos-x86_64 2.1.5 ERROR
r-oldrel-windows-ix86+x86_64 2.1.2 29.00 136.00 165.00 OK

Check Details

Version: 2.1.5
Check: whether package can be installed
Result: ERROR
    Installation failed.
Flavor: r-oldrel-macos-x86_64