CRAN Package Check Results for Package ICSKAT

Last updated on 2024-05-18 06:16:57 CEST.

Flavor Version Tinstall Tcheck Ttotal Status Flags
r-devel-linux-x86_64-debian-clang 0.2.0 41.47 107.56 149.03 NOTE
r-devel-linux-x86_64-debian-gcc 0.2.0 28.39 80.15 108.54 NOTE
r-devel-linux-x86_64-fedora-clang 0.2.0 188.48 NOTE
r-devel-linux-x86_64-fedora-gcc 0.2.0 262.03 NOTE
r-devel-windows-x86_64 0.2.0 32.00 110.00 142.00 NOTE
r-patched-linux-x86_64 0.2.0 35.97 102.76 138.73 NOTE
r-release-linux-x86_64 0.2.0 37.49 102.95 140.44 NOTE
r-release-macos-arm64 0.2.0 56.00 NOTE
r-release-windows-x86_64 0.2.0 32.00 109.00 141.00 NOTE
r-oldrel-macos-arm64 0.2.0 62.00 NOTE
r-oldrel-macos-x86_64 0.2.0 100.00 NOTE
r-oldrel-windows-x86_64 0.2.0 38.00 135.00 173.00 NOTE

Check Details

Version: 0.2.0
Check: C++ specification
Result: NOTE Specified C++11: please drop specification unless essential Flavors: r-devel-linux-x86_64-debian-clang, r-devel-linux-x86_64-debian-gcc, r-devel-linux-x86_64-fedora-clang, r-devel-linux-x86_64-fedora-gcc, r-devel-windows-x86_64, r-patched-linux-x86_64, r-release-linux-x86_64, r-release-macos-arm64, r-release-windows-x86_64, r-oldrel-macos-arm64, r-oldrel-macos-x86_64, r-oldrel-windows-x86_64