CRAN Package Check Results for Package ICBioMark

Last updated on 2024-05-25 11:49:34 CEST.

Flavor Version Tinstall Tcheck Ttotal Status Flags
r-devel-linux-x86_64-debian-clang 0.1.4 10.14 61.50 71.64 NOTE
r-devel-linux-x86_64-debian-gcc 0.1.4 10.02 45.80 55.82 NOTE
r-devel-linux-x86_64-fedora-clang 0.1.4 90.23 NOTE
r-devel-linux-x86_64-fedora-gcc 0.1.4 86.68 NOTE
r-devel-windows-x86_64 0.1.4 13.00 73.00 86.00 NOTE
r-patched-linux-x86_64 0.1.4 11.10 56.63 67.73 NOTE
r-release-linux-x86_64 0.1.4 9.81 58.71 68.52 NOTE
r-release-macos-arm64 0.1.4 35.00 NOTE
r-release-windows-x86_64 0.1.4 13.00 74.00 87.00 NOTE
r-oldrel-macos-arm64 0.1.4 41.00 OK
r-oldrel-macos-x86_64 0.1.4 53.00 OK
r-oldrel-windows-x86_64 0.1.4 18.00 85.00 103.00 OK

Check Details

Version: 0.1.4
Check: Rd files
Result: NOTE checkRd: (-1) get_p.Rd:29: Lost braces; missing escapes or markup? 29 | \item A numeric p_norm, giving the factor between p_{gs} and phi_{0gs} (see paper for details). | ^ checkRd: (-1) get_p.Rd:29: Lost braces; missing escapes or markup? 29 | \item A numeric p_norm, giving the factor between p_{gs} and phi_{0gs} (see paper for details). | ^ Flavors: r-devel-linux-x86_64-debian-clang, r-devel-linux-x86_64-debian-gcc, r-devel-linux-x86_64-fedora-clang, r-devel-linux-x86_64-fedora-gcc, r-devel-windows-x86_64, r-patched-linux-x86_64, r-release-linux-x86_64, r-release-macos-arm64, r-release-windows-x86_64