CRAN Package Check Results for Package HPLB

Last updated on 2021-04-21 05:48:38 CEST.

Flavor Version Tinstall Tcheck Ttotal Status Flags
r-devel-linux-x86_64-debian-clang 1.0.0 2.79 32.77 35.56 NOTE
r-devel-linux-x86_64-debian-gcc 1.0.0 2.18 25.08 27.26 NOTE
r-devel-linux-x86_64-fedora-clang 1.0.0 51.54 NOTE
r-devel-linux-x86_64-fedora-gcc 1.0.0 41.18 NOTE
r-devel-windows-ix86+x86_64 1.0.0 7.00 37.00 44.00 NOTE
r-devel-windows-x86_64-gcc10-UCRT 1.0.0 NOTE
r-patched-linux-x86_64 1.0.0 3.03 30.62 33.65 OK
r-patched-solaris-x86 1.0.0 64.40 OK
r-release-linux-x86_64 1.0.0 2.65 30.66 33.31 OK
r-release-macos-x86_64 1.0.0 OK
r-release-windows-ix86+x86_64 1.0.0 7.00 39.00 46.00 OK
r-oldrel-macos-x86_64 1.0.0 OK
r-oldrel-windows-ix86+x86_64 1.0.0 4.00 50.00 54.00 OK

Check Details

Version: 1.0.0
Check: LazyData
Result: NOTE
     'LazyData' is specified without a 'data' directory
Flavors: r-devel-linux-x86_64-debian-clang, r-devel-linux-x86_64-debian-gcc, r-devel-linux-x86_64-fedora-clang, r-devel-linux-x86_64-fedora-gcc, r-devel-windows-ix86+x86_64, r-devel-windows-x86_64-gcc10-UCRT