CRAN Package Check Results for Package HMB

Last updated on 2021-04-20 00:47:46 CEST.

Flavor Version Tinstall Tcheck Ttotal Status Flags
r-devel-linux-x86_64-debian-clang 1.1 133.27 41.07 174.34 OK
r-devel-linux-x86_64-debian-gcc 1.1 85.70 33.33 119.03 OK
r-devel-linux-x86_64-fedora-clang 1.1 254.30 NOTE
r-devel-linux-x86_64-fedora-gcc 1.1 221.48 OK
r-devel-windows-ix86+x86_64 1.1 331.00 76.00 407.00 NOTE
r-devel-windows-x86_64-gcc10-UCRT 1.1 OK
r-patched-linux-x86_64 1.1 109.51 39.81 149.32 OK
r-patched-solaris-x86 1.1 233.10 OK
r-release-linux-x86_64 1.1 113.21 39.95 153.16 OK
r-release-macos-x86_64 1.1 NOTE
r-release-windows-ix86+x86_64 1.1 315.00 97.00 412.00 NOTE
r-oldrel-macos-x86_64 1.1 NOTE
r-oldrel-windows-ix86+x86_64 1.1 200.00 80.00 280.00 NOTE

Check Details

Version: 1.1
Check: installed package size
Result: NOTE
     installed size is 7.8Mb
     sub-directories of 1Mb or more:
     data 3.5Mb
     libs 4.1Mb
Flavors: r-devel-linux-x86_64-fedora-clang, r-devel-windows-ix86+x86_64, r-release-macos-x86_64, r-release-windows-ix86+x86_64, r-oldrel-macos-x86_64, r-oldrel-windows-ix86+x86_64