CRAN Package Check Results for Package GoodmanKruskal

Last updated on 2024-05-25 11:49:33 CEST.

Flavor Version Tinstall Tcheck Ttotal Status Flags
r-devel-linux-x86_64-debian-clang 0.0.3 1.93 37.89 39.82 NOTE
r-devel-linux-x86_64-debian-gcc 0.0.3 1.75 29.07 30.82 NOTE
r-devel-linux-x86_64-fedora-clang 0.0.3 51.41 NOTE
r-devel-linux-x86_64-fedora-gcc 0.0.3 60.41 NOTE
r-devel-windows-x86_64 0.0.3 3.00 48.00 51.00 NOTE
r-patched-linux-x86_64 0.0.3 2.51 35.84 38.35 NOTE
r-release-linux-x86_64 0.0.3 2.20 36.24 38.44 NOTE
r-release-macos-arm64 0.0.3 24.00 NOTE
r-release-windows-x86_64 0.0.3 3.00 47.00 50.00 NOTE
r-oldrel-macos-arm64 0.0.3 26.00 NOTE
r-oldrel-macos-x86_64 0.0.3 35.00 NOTE
r-oldrel-windows-x86_64 0.0.3 3.00 51.00 54.00 NOTE

Check Details

Version: 0.0.3
Check: LazyData
Result: NOTE 'LazyData' is specified without a 'data' directory Flavors: r-devel-linux-x86_64-debian-clang, r-devel-linux-x86_64-debian-gcc, r-devel-linux-x86_64-fedora-clang, r-devel-linux-x86_64-fedora-gcc, r-devel-windows-x86_64, r-patched-linux-x86_64, r-release-linux-x86_64, r-release-macos-arm64, r-release-windows-x86_64, r-oldrel-macos-arm64, r-oldrel-macos-x86_64, r-oldrel-windows-x86_64