CRAN Package Check Results for Package GiniDecompLY

Last updated on 2024-04-21 17:56:27 CEST.

Flavor Version Tinstall Tcheck Ttotal Status Flags
r-devel-linux-x86_64-debian-clang 1.0.0 3.86 50.59 54.45 NOTE
r-devel-linux-x86_64-debian-gcc 1.0.0 3.35 37.20 40.55 NOTE
r-devel-linux-x86_64-fedora-clang 1.0.0 69.81 NOTE
r-devel-linux-x86_64-fedora-gcc 1.0.0 77.37 NOTE
r-prerel-macos-arm64 1.0.0 31.00 OK
r-prerel-windows-x86_64 1.0.0 5.00 57.00 62.00 NOTE
r-patched-linux-x86_64 1.0.0 4.50 46.36 50.86 NOTE
r-release-linux-x86_64 1.0.0 3.95 46.32 50.27 OK
r-release-macos-arm64 1.0.0 37.00 OK
r-release-macos-x86_64 1.0.0 70.00 OK
r-release-windows-x86_64 1.0.0 6.00 64.00 70.00 OK
r-oldrel-macos-arm64 1.0.0 30.00 OK
r-oldrel-windows-x86_64 1.0.0 8.00 70.00 78.00 OK

Check Details

Version: 1.0.0
Check: HTML version of manual
Result: NOTE Found the following HTML validation problems: sample_income_data.html:37:1 (sample_income_data.Rd:8): Warning: trimming empty <h4> Flavors: r-devel-linux-x86_64-debian-clang, r-devel-linux-x86_64-debian-gcc, r-devel-linux-x86_64-fedora-clang, r-devel-linux-x86_64-fedora-gcc, r-prerel-windows-x86_64, r-patched-linux-x86_64