Last updated on 2021-01-26 23:48:03 CET.
Flavor | Version | Tinstall | Tcheck | Ttotal | Status | Flags |
---|---|---|---|---|---|---|
r-devel-linux-x86_64-debian-clang | 4.2 | 93.97 | 76.35 | 170.32 | OK | |
r-devel-linux-x86_64-debian-gcc | 4.2 | 64.02 | 57.16 | 121.18 | OK | |
r-devel-linux-x86_64-fedora-clang | 4.2 | 233.51 | NOTE | |||
r-devel-linux-x86_64-fedora-gcc | 4.2 | 224.94 | OK | |||
r-devel-windows-ix86+x86_64 | 4.2 | 216.00 | 139.00 | 355.00 | OK | |
r-patched-linux-x86_64 | 4.2 | 78.33 | 70.56 | 148.89 | OK | |
r-patched-solaris-x86 | 4.2 | 216.60 | OK | |||
r-release-linux-x86_64 | 4.2 | 76.96 | 70.75 | 147.71 | OK | |
r-release-macos-x86_64 | 4.2 | OK | ||||
r-release-windows-ix86+x86_64 | 4.2 | 210.00 | 101.00 | 311.00 | OK | |
r-oldrel-macos-x86_64 | 4.2 | OK | ||||
r-oldrel-windows-ix86+x86_64 | 4.2 | 166.00 | 116.00 | 282.00 | OK |
Version: 4.2
Check: installed package size
Result: NOTE
installed size is 6.0Mb
sub-directories of 1Mb or more:
libs 5.5Mb
Flavor: r-devel-linux-x86_64-fedora-clang