CRAN Package Check Results for Package GPareto

Last updated on 2020-02-25 16:48:10 CET.

Flavor Version Tinstall Tcheck Ttotal Status Flags
r-devel-linux-x86_64-debian-clang 1.1.4 36.07 144.82 180.89 OK --no-vignettes
r-devel-linux-x86_64-debian-gcc 1.1.4 26.23 108.94 135.17 OK --no-vignettes
r-devel-linux-x86_64-fedora-clang 1.1.4 232.57 OK --no-vignettes
r-devel-linux-x86_64-fedora-gcc 1.1.4 214.14 OK --no-vignettes
r-devel-windows-ix86+x86_64 1.1.4 71.00 285.00 356.00 OK --no-vignettes
r-devel-windows-ix86+x86_64-gcc8 1.1.4 76.00 215.00 291.00 OK --no-vignettes
r-patched-linux-x86_64 1.1.4 31.58 127.32 158.90 OK --no-vignettes
r-patched-solaris-x86 1.1.4 242.20 OK --no-vignettes
r-release-linux-x86_64 1.1.4 30.15 127.77 157.92 OK --no-vignettes
r-release-windows-ix86+x86_64 1.1.4 64.00 205.00 269.00 OK --no-vignettes
r-release-osx-x86_64 1.1.4 WARN
r-oldrel-windows-ix86+x86_64 1.1.4 57.00 190.00 247.00 OK --no-vignettes
r-oldrel-osx-x86_64 1.1.4 WARN

Check Details

Version: 1.1.4
Check: whether package can be installed
Result: WARN
    Found the following significant warnings:
     Warning: 'rgl_init' failed, running with rgl.useNULL = TRUE
Flavors: r-release-osx-x86_64, r-oldrel-osx-x86_64

Version: 1.1.4
Check: dependencies in R code
Result: NOTE
    No protocol specified
Flavors: r-release-osx-x86_64, r-oldrel-osx-x86_64

Version: 1.1.4
Check: S3 generic/method consistency
Result: WARN
    No protocol specified
    See section ‘Generic functions and methods’ in the ‘Writing R
    Extensions’ manual.
Flavors: r-release-osx-x86_64, r-oldrel-osx-x86_64

Version: 1.1.4
Check: replacement functions
Result: WARN
    No protocol specified
    The argument of a replacement function which corresponds to the right
    hand side must be named ‘value’.
Flavors: r-release-osx-x86_64, r-oldrel-osx-x86_64

Version: 1.1.4
Check: foreign function calls
Result: NOTE
    No protocol specified
    See chapter ‘System and foreign language interfaces’ in the ‘Writing R
    Extensions’ manual.
Flavors: r-release-osx-x86_64, r-oldrel-osx-x86_64

Version: 1.1.4
Check: R code for possible problems
Result: NOTE
    No protocol specified
Flavors: r-release-osx-x86_64, r-oldrel-osx-x86_64

Version: 1.1.4
Check: for missing documentation entries
Result: WARN
    No protocol specified
    All user-level objects in a package should have documentation entries.
    See chapter ‘Writing R documentation files’ in the ‘Writing R
    Extensions’ manual.
Flavors: r-release-osx-x86_64, r-oldrel-osx-x86_64

Version: 1.1.4
Check: for code/documentation mismatches
Result: WARN
    No protocol specified
    No protocol specified
    No protocol specified
Flavors: r-release-osx-x86_64, r-oldrel-osx-x86_64

Version: 1.1.4
Check: Rd \usage sections
Result: NOTE
    No protocol specified
    The \usage entries for S3 methods should use the \method markup and not
    their full name.
    See chapter ‘Writing R documentation files’ in the ‘Writing R
    Extensions’ manual.
Flavors: r-release-osx-x86_64, r-oldrel-osx-x86_64