CRAN Package Check Results for Package GPSCDF

Last updated on 2024-05-18 01:08:00 CEST.

Flavor Version Tinstall Tcheck Ttotal Status Flags
r-devel-linux-x86_64-debian-clang 0.1.1 8.98 118.27 127.25 NOTE
r-devel-linux-x86_64-debian-gcc 0.1.1 9.83 83.31 93.14 NOTE
r-devel-linux-x86_64-fedora-clang 0.1.1 162.06 NOTE
r-devel-linux-x86_64-fedora-gcc 0.1.1 156.69 NOTE
r-devel-windows-x86_64 0.1.1 11.00 94.00 105.00 NOTE
r-patched-linux-x86_64 0.1.1 13.75 109.36 123.11 NOTE
r-release-linux-x86_64 0.1.1 7.93 110.63 118.56 NOTE
r-release-macos-arm64 0.1.1 47.00 NOTE
r-release-windows-x86_64 0.1.1 11.00 94.00 105.00 NOTE
r-oldrel-macos-arm64 0.1.1 50.00 NOTE
r-oldrel-macos-x86_64 0.1.1 78.00 NOTE
r-oldrel-windows-x86_64 0.1.1 15.00 115.00 130.00 NOTE

Check Details

Version: 0.1.1
Check: LazyData
Result: NOTE 'LazyData' is specified without a 'data' directory Flavors: r-devel-linux-x86_64-debian-clang, r-devel-linux-x86_64-debian-gcc, r-devel-linux-x86_64-fedora-clang, r-devel-linux-x86_64-fedora-gcc, r-devel-windows-x86_64, r-patched-linux-x86_64, r-release-linux-x86_64, r-release-macos-arm64, r-release-windows-x86_64, r-oldrel-macos-arm64, r-oldrel-macos-x86_64, r-oldrel-windows-x86_64