CRAN Package Check Results for Package GPL2025

Last updated on 2024-05-19 05:55:51 CEST.

Flavor Version Tinstall Tcheck Ttotal Status Flags
r-devel-linux-x86_64-debian-clang 1.0.1 2.05 21.12 23.17 NOTE
r-devel-linux-x86_64-debian-gcc 1.0.1 1.42 16.53 17.95 NOTE
r-devel-linux-x86_64-fedora-clang 1.0.1 29.87 NOTE
r-devel-linux-x86_64-fedora-gcc 1.0.1 29.23 NOTE
r-devel-windows-x86_64 1.0.1 4.00 37.00 41.00 NOTE
r-patched-linux-x86_64 1.0.1 1.96 20.39 22.35 NOTE
r-release-linux-x86_64 1.0.1 1.67 20.78 22.45 NOTE
r-release-macos-arm64 1.0.1 15.00 NOTE
r-release-windows-x86_64 1.0.1 4.00 38.00 42.00 NOTE
r-oldrel-macos-arm64 1.0.1 19.00 NOTE
r-oldrel-macos-x86_64 1.0.1 18.00 NOTE
r-oldrel-windows-x86_64 1.0.1 4.00 41.00 45.00 NOTE

Check Details

Version: 1.0.1
Check: LazyData
Result: NOTE 'LazyData' is specified without a 'data' directory Flavors: r-devel-linux-x86_64-debian-clang, r-devel-linux-x86_64-debian-gcc, r-devel-linux-x86_64-fedora-clang, r-devel-linux-x86_64-fedora-gcc, r-devel-windows-x86_64, r-patched-linux-x86_64, r-release-linux-x86_64, r-release-macos-arm64, r-release-windows-x86_64, r-oldrel-macos-arm64, r-oldrel-macos-x86_64, r-oldrel-windows-x86_64

Version: 1.0.1
Check: dependencies in R code
Result: NOTE Namespace in Imports field not imported from: ‘dplyr’ All declared Imports should be used. Flavors: r-devel-linux-x86_64-fedora-clang, r-devel-linux-x86_64-fedora-gcc