CRAN Package Check Results for Package GDSARM

Last updated on 2024-04-14 05:59:42 CEST.

Flavor Version Tinstall Tcheck Ttotal Status Flags
r-devel-linux-x86_64-debian-clang 0.1.1 2.54 30.43 32.97 NOTE
r-devel-linux-x86_64-debian-gcc 0.1.1 1.91 22.57 24.48 NOTE
r-devel-linux-x86_64-fedora-clang 0.1.1 39.92 NOTE
r-devel-linux-x86_64-fedora-gcc 0.1.1 38.84 NOTE
r-devel-windows-x86_64 0.1.1 3.00 48.00 51.00 NOTE
r-patched-linux-x86_64 0.1.1 2.59 28.93 31.52 NOTE
r-release-linux-x86_64 0.1.1 2.54 27.81 30.35 OK
r-release-macos-arm64 0.1.1 18.00 OK
r-release-macos-x86_64 0.1.1 26.00 OK
r-release-windows-x86_64 0.1.1 3.00 46.00 49.00 OK
r-oldrel-macos-arm64 0.1.1 17.00 OK
r-oldrel-windows-x86_64 0.1.1 4.00 48.00 52.00 OK

Check Details

Version: 0.1.1
Check: Rd files
Result: NOTE checkRd: (-1) GDSARM.Rd:7: Lost braces 7 | Cand{\`e}s, E. and Tao, T. (2007). The Dantzig selector: Statistical estimation when p is much | ^ checkRd: (-1) GDSARM.Rd:10: Lost braces 10 | Dopico-Garc{\' i}a, M.S., Valentao, P., Guerra, L., Andrade, P. B., and Seabra, R. M. (2007). | ^ checkRd: (-1) GDS_givencols.Rd:7: Lost braces 7 | Cand{\`e}s, E. and Tao, T. (2007). The Dantzig selector: Statistical estimation when p is much | ^ checkRd: (-1) GDS_givencols.Rd:10: Lost braces 10 | Dopico-Garc{\' i}a, M.S., Valentao, P., Guerra, L., Andrade, P. B., and Seabra, R. M. (2007). | ^ checkRd: (-1) dantzig.delta.Rd:7: Lost braces 7 | Cand{\`e}s, E. and Tao, T. (2007). The Dantzig selector: Statistical estimation when p is much | ^ checkRd: (-1) dantzigS.Rd:7: Lost braces 7 | Cand{\`e}s, E. and Tao, T. (2007). The Dantzig selector: Statistical estimation when p is much | ^ checkRd: (-1) dataCompoundExt.Rd:6: Lost braces 6 | \title{Compound Extraction experiment of Dopico-Garc{\' i}a et al. (2007)} | ^ checkRd: (-1) dataCompoundExt.Rd:35: Lost braces 35 | An analytical experiment conducted by Dopico-Garc{\' i}a et al. (2007) to | ^ checkRd: (-1) dataCompoundExt.Rd:22: Lost braces 22 | Dopico-Garc{\' i}a, M.S., Valentao, P., Guerra, L., Andrade, P. B., and Seabra, R. M. (2007). | ^ Flavors: r-devel-linux-x86_64-debian-clang, r-devel-linux-x86_64-debian-gcc, r-devel-linux-x86_64-fedora-clang, r-devel-linux-x86_64-fedora-gcc, r-devel-windows-x86_64, r-patched-linux-x86_64