CRAN Package Check Results for Package GD

Last updated on 2021-04-22 11:50:15 CEST.

Flavor Version Tinstall Tcheck Ttotal Status Flags
r-devel-linux-x86_64-debian-clang 1.9 4.29 32.13 36.42 OK
r-devel-linux-x86_64-debian-gcc 1.9 3.08 24.87 27.95 OK
r-devel-linux-x86_64-fedora-clang 1.9 38.07 NOTE
r-devel-linux-x86_64-fedora-gcc 1.9 43.98 NOTE
r-devel-windows-ix86+x86_64 1.9 9.00 47.00 56.00 OK
r-devel-windows-x86_64-gcc10-UCRT 1.9 NOTE
r-patched-linux-x86_64 1.9 4.34 30.94 35.28 OK
r-patched-solaris-x86 1.9 64.90 NOTE
r-release-linux-x86_64 1.9 4.49 30.76 35.25 OK
r-release-macos-x86_64 1.9 NOTE
r-release-windows-ix86+x86_64 1.9 8.00 40.00 48.00 OK
r-oldrel-macos-x86_64 1.9 NOTE
r-oldrel-windows-ix86+x86_64 1.9 7.00 50.00 57.00 OK

Check Details

Version: 1.9
Check: dependencies in R code
Result: NOTE
    Namespace in Imports field not imported from: ‘badger’
     All declared Imports should be used.
Flavors: r-devel-linux-x86_64-fedora-clang, r-devel-linux-x86_64-fedora-gcc, r-devel-windows-x86_64-gcc10-UCRT, r-patched-solaris-x86, r-release-macos-x86_64, r-oldrel-macos-x86_64