CRAN Package Check Results for Package GADMTools

Last updated on 2021-05-10 17:46:57 CEST.

Flavor Version Tinstall Tcheck Ttotal Status Flags
r-devel-linux-x86_64-debian-clang 3.8-2 13.88 165.95 179.83 OK
r-devel-linux-x86_64-debian-gcc 3.8-2 10.80 124.75 135.55 OK
r-devel-linux-x86_64-fedora-clang 3.8-2 228.07 NOTE
r-devel-linux-x86_64-fedora-gcc 3.8-2 220.36 NOTE
r-devel-windows-ix86+x86_64 3.8-2 46.00 422.00 468.00 OK
r-devel-windows-x86_64-gcc10-UCRT 3.8-2 NOTE
r-patched-linux-x86_64 3.8-2 17.57 157.48 175.05 OK
r-patched-solaris-x86 3.8-2 268.50 NOTE
r-release-linux-x86_64 3.8-2 11.76 154.59 166.35 OK
r-release-macos-x86_64 3.8-2 NOTE
r-release-windows-ix86+x86_64 3.8-2 27.00 307.00 334.00 OK
r-oldrel-macos-x86_64 3.8-2 NOTE
r-oldrel-windows-ix86+x86_64 3.8-2 34.00 426.00 460.00 OK

Check Details

Version: 3.8-2
Check: data for non-ASCII characters
Result: NOTE
     Note: found 19 marked UTF-8 strings
Flavors: r-devel-linux-x86_64-fedora-clang, r-devel-linux-x86_64-fedora-gcc, r-devel-windows-x86_64-gcc10-UCRT, r-patched-solaris-x86, r-release-macos-x86_64, r-oldrel-macos-x86_64