CRAN Package Check Results for Package FuzzyQ

Last updated on 2021-04-23 00:48:48 CEST.

Flavor Version Tinstall Tcheck Ttotal Status Flags
r-devel-linux-x86_64-debian-clang 0.1.0 1.99 24.52 26.51 OK
r-devel-linux-x86_64-debian-gcc 0.1.0 1.70 19.35 21.05 OK
r-devel-linux-x86_64-fedora-clang 0.1.0 42.74 OK
r-devel-linux-x86_64-fedora-gcc 0.1.0 32.41 OK
r-devel-windows-ix86+x86_64 0.1.0 5.00 39.00 44.00 OK
r-devel-windows-x86_64-gcc10-UCRT 0.1.0 OK
r-patched-linux-x86_64 0.1.0 2.35 23.82 26.17 WARN
r-patched-solaris-x86 0.1.0 48.00 OK
r-release-linux-x86_64 0.1.0 2.01 23.45 25.46 OK
r-release-macos-x86_64 0.1.0 OK
r-release-windows-ix86+x86_64 0.1.0 6.00 40.00 46.00 OK
r-oldrel-macos-x86_64 0.1.0 OK
r-oldrel-windows-ix86+x86_64 0.1.0 3.00 39.00 42.00 OK

Check Details

Version: 0.1.0
Check: whether package can be installed
Result: WARN
    Found the following significant warnings:
     Rd warning: /tmp/RtmpE6naw1/R.INSTALLe25257c9e89/FuzzyQ/man/AOplot.Rd:36: file link ‘plot’ in package ‘graphics’ does not exist and so has been treated as a topic
Flavor: r-patched-linux-x86_64