CRAN Package Check Results for Package FunnelPlotR

Last updated on 2021-04-21 11:53:29 CEST.

Flavor Version Tinstall Tcheck Ttotal Status Flags
r-devel-linux-x86_64-debian-clang 0.3.2 6.07 84.90 90.97 NOTE
r-devel-linux-x86_64-debian-gcc 0.3.2 4.29 62.97 67.26 NOTE
r-devel-linux-x86_64-fedora-clang 0.3.2 115.63 NOTE
r-devel-linux-x86_64-fedora-gcc 0.3.2 105.59 NOTE
r-devel-windows-ix86+x86_64 0.3.2 10.00 74.00 84.00 NOTE
r-devel-windows-x86_64-gcc10-UCRT 0.3.2 NOTE
r-patched-linux-x86_64 0.3.2 5.78 78.91 84.69 OK
r-patched-solaris-x86 0.3.2 143.50 OK
r-release-linux-x86_64 0.3.2 4.63 79.69 84.32 OK
r-release-macos-x86_64 0.3.2 OK
r-release-windows-ix86+x86_64 0.3.2 15.00 107.00 122.00 OK
r-oldrel-macos-x86_64 0.3.2 OK
r-oldrel-windows-ix86+x86_64 0.3.2 24.00 107.00 131.00 OK

Check Details

Version: 0.3.2
Check: LazyData
Result: NOTE
     'LazyData' is specified without a 'data' directory
Flavors: r-devel-linux-x86_64-debian-clang, r-devel-linux-x86_64-debian-gcc, r-devel-linux-x86_64-fedora-clang, r-devel-linux-x86_64-fedora-gcc, r-devel-windows-ix86+x86_64, r-devel-windows-x86_64-gcc10-UCRT