CRAN Package Check Results for Package FLightR

Last updated on 2019-02-18 16:51:43 CET.

Flavor Version Tinstall Tcheck Ttotal Status Flags
r-devel-linux-x86_64-debian-clang 0.4.8 9.02 168.86 177.88 OK
r-devel-linux-x86_64-debian-gcc 0.4.8 6.94 121.91 128.85 OK
r-devel-linux-x86_64-fedora-clang 0.4.8 204.84 NOTE
r-devel-linux-x86_64-fedora-gcc 0.4.8 195.54 NOTE
r-devel-windows-ix86+x86_64 0.4.8 15.00 187.00 202.00 OK
r-patched-linux-x86_64 0.4.8 7.46 164.32 171.78 OK
r-patched-solaris-x86 0.4.8 323.80 NOTE
r-release-linux-x86_64 0.4.8 OK
r-release-windows-ix86+x86_64 0.4.8 9.00 179.00 188.00 OK
r-release-osx-x86_64 0.4.8 NOTE
r-oldrel-windows-ix86+x86_64 0.4.8 11.00 213.00 224.00 OK
r-oldrel-osx-x86_64 0.4.8 NOTE

Check Details

Version: 0.4.8
Check: dependencies in R code
Result: NOTE
    Namespace in Imports field not imported from: ‘rgdal’
     All declared Imports should be used.
Flavors: r-devel-linux-x86_64-fedora-clang, r-devel-linux-x86_64-fedora-gcc, r-patched-solaris-x86, r-release-osx-x86_64, r-oldrel-osx-x86_64