CRAN Package Check Results for Package FFdownload

Last updated on 2021-05-08 11:50:24 CEST.

Flavor Version Tinstall Tcheck Ttotal Status Flags
r-devel-linux-x86_64-debian-clang 1.0.5 3.51 33.41 36.92 NOTE
r-devel-linux-x86_64-debian-gcc 1.0.5 2.85 26.63 29.48 NOTE
r-devel-linux-x86_64-fedora-clang 1.0.5 55.16 NOTE
r-devel-linux-x86_64-fedora-gcc 1.0.5 43.54 NOTE
r-devel-windows-ix86+x86_64 1.0.5 21.00 53.00 74.00 NOTE
r-devel-windows-x86_64-gcc10-UCRT 1.0.5 NOTE
r-patched-linux-x86_64 1.0.5 3.26 33.10 36.36 NOTE
r-patched-solaris-x86 1.0.5 72.20 OK
r-release-linux-x86_64 1.0.5 3.60 32.55 36.15 OK
r-release-macos-x86_64 1.0.5 OK
r-release-windows-ix86+x86_64 1.0.5 8.00 39.00 47.00 OK
r-oldrel-macos-x86_64 1.0.5 OK
r-oldrel-windows-ix86+x86_64 1.0.5 7.00 5.00 12.00 ERROR

Check Details

Version: 1.0.5
Check: LazyData
Result: NOTE
     'LazyData' is specified without a 'data' directory
Flavors: r-devel-linux-x86_64-debian-clang, r-devel-linux-x86_64-debian-gcc, r-devel-linux-x86_64-fedora-clang, r-devel-linux-x86_64-fedora-gcc, r-devel-windows-ix86+x86_64, r-devel-windows-x86_64-gcc10-UCRT, r-patched-linux-x86_64

Version: 1.0.5
Check: whether package can be installed
Result: ERROR
    Installation failed.
    *
Flavor: r-oldrel-windows-ix86+x86_64