Last updated on 2021-04-19 11:50:13 CEST.
Flavor | Version | Tinstall | Tcheck | Ttotal | Status | Flags |
---|---|---|---|---|---|---|
r-devel-linux-x86_64-debian-clang | 2.44 | 23.88 | 615.00 | 638.88 | OK | |
r-devel-linux-x86_64-debian-gcc | 2.44 | 20.68 | 452.78 | 473.46 | OK | |
r-devel-linux-x86_64-fedora-clang | 2.44 | 761.21 | NOTE | |||
r-devel-linux-x86_64-fedora-gcc | 2.44 | 763.84 | OK | |||
r-devel-windows-ix86+x86_64 | 2.44 | 43.00 | 248.00 | 291.00 | OK | --no-vignettes |
r-devel-windows-x86_64-gcc10-UCRT | 2.44 | OK | ||||
r-patched-linux-x86_64 | 2.44 | 21.68 | 596.84 | 618.52 | OK | |
r-patched-solaris-x86 | 2.44 | 1342.30 | OK | |||
r-release-linux-x86_64 | 2.44 | 22.17 | 599.09 | 621.26 | OK | |
r-release-macos-x86_64 | 2.44 | OK | ||||
r-release-windows-ix86+x86_64 | 2.44 | 50.00 | 373.00 | 423.00 | OK | --no-vignettes |
r-oldrel-macos-x86_64 | 2.44 | OK | ||||
r-oldrel-windows-ix86+x86_64 | 2.44 | 35.00 | 344.00 | 379.00 | OK | --no-vignettes |
Version: 2.44
Check: Rd cross-references
Result: NOTE
Undeclared packages ‘ilc’, ‘demography’ in Rd xrefs
Flavor: r-devel-linux-x86_64-fedora-clang