CRAN Package Check Results for Package EMP

Last updated on 2021-05-08 05:57:05 CEST.

Flavor Version Tinstall Tcheck Ttotal Status Flags
r-devel-linux-x86_64-debian-clang 2.0.5 2.02 24.42 26.44 OK
r-devel-linux-x86_64-debian-gcc 2.0.5 1.86 19.60 21.46 OK
r-devel-linux-x86_64-fedora-clang 2.0.5 43.67 OK
r-devel-linux-x86_64-fedora-gcc 2.0.5 32.55 OK
r-devel-windows-ix86+x86_64 2.0.5 5.00 40.00 45.00 OK
r-devel-windows-x86_64-gcc10-UCRT 2.0.5 OK
r-patched-linux-x86_64 2.0.5 3.99 24.08 28.07 OK
r-patched-solaris-x86 2.0.5 49.60 OK
r-release-linux-x86_64 2.0.5 2.34 23.75 26.09 OK
r-release-macos-x86_64 2.0.5 OK
r-release-windows-ix86+x86_64 2.0.5 4.00 29.00 33.00 OK
r-oldrel-macos-x86_64 2.0.5 OK
r-oldrel-windows-ix86+x86_64 2.0.5 4.00 5.00 9.00 ERROR

Check Details

Version: 2.0.5
Check: whether package can be installed
Result: ERROR
    Installation failed.
Flavor: r-oldrel-windows-ix86+x86_64