CRAN Package Check Results for Package EFS

Last updated on 2021-05-08 05:57:04 CEST.

Flavor Version Tinstall Tcheck Ttotal Status Flags
r-devel-linux-x86_64-debian-clang 1.0.3 9.84 80.09 89.93 NOTE
r-devel-linux-x86_64-debian-gcc 1.0.3 7.99 61.74 69.73 NOTE
r-devel-linux-x86_64-fedora-clang 1.0.3 119.22 NOTE
r-devel-linux-x86_64-fedora-gcc 1.0.3 111.25 NOTE
r-devel-windows-ix86+x86_64 1.0.3 17.00 103.00 120.00 OK
r-devel-windows-x86_64-gcc10-UCRT 1.0.3 OK
r-patched-linux-x86_64 1.0.3 14.70 78.66 93.36 NOTE
r-patched-solaris-x86 1.0.3 164.70 NOTE
r-release-linux-x86_64 1.0.3 9.38 75.12 84.50 NOTE
r-release-macos-x86_64 1.0.3 OK
r-release-windows-ix86+x86_64 1.0.3 16.00 80.00 96.00 OK
r-oldrel-macos-x86_64 1.0.3 OK
r-oldrel-windows-ix86+x86_64 1.0.3 19.00 5.00 24.00 ERROR

Check Details

Version: 1.0.3
Check: for non-standard things in the check directory
Result: NOTE
    Found the following files/directories:
     'eval_test_LG_ROC.pdf' 'test.pdf'
Flavors: r-devel-linux-x86_64-debian-clang, r-devel-linux-x86_64-debian-gcc, r-devel-linux-x86_64-fedora-clang, r-devel-linux-x86_64-fedora-gcc, r-patched-linux-x86_64, r-patched-solaris-x86, r-release-linux-x86_64

Version: 1.0.3
Check: whether package can be installed
Result: ERROR
    Installation failed.
Flavor: r-oldrel-windows-ix86+x86_64