Last updated on 2021-04-20 00:47:42 CEST.
Flavor | Version | Tinstall | Tcheck | Ttotal | Status | Flags |
---|---|---|---|---|---|---|
r-devel-linux-x86_64-debian-clang | 1.0 | 1.82 | 27.89 | 29.71 | OK | |
r-devel-linux-x86_64-debian-gcc | 1.0 | 1.55 | 21.48 | 23.03 | OK | |
r-devel-linux-x86_64-fedora-clang | 1.0 | 46.14 | NOTE | |||
r-devel-linux-x86_64-fedora-gcc | 1.0 | 35.46 | OK | |||
r-devel-windows-ix86+x86_64 | 1.0 | 5.00 | 33.00 | 38.00 | OK | |
r-devel-windows-x86_64-gcc10-UCRT | 1.0 | OK | ||||
r-patched-linux-x86_64 | 1.0 | 1.93 | 27.04 | 28.97 | OK | |
r-patched-solaris-x86 | 1.0 | 55.50 | OK | |||
r-release-linux-x86_64 | 1.0 | 1.90 | 27.13 | 29.03 | OK | |
r-release-macos-x86_64 | 1.0 | OK | ||||
r-release-windows-ix86+x86_64 | 1.0 | 5.00 | 46.00 | 51.00 | OK | |
r-oldrel-macos-x86_64 | 1.0 | OK | ||||
r-oldrel-windows-ix86+x86_64 | 1.0 | 3.00 | 43.00 | 46.00 | OK |
Version: 1.0
Check: Rd cross-references
Result: NOTE
Undeclared package ‘T2EQ’ in Rd xrefs
Flavor: r-devel-linux-x86_64-fedora-clang