CRAN Package Check Results for Package EBPRS

Last updated on 2021-05-08 00:47:03 CEST.

Flavor Version Tinstall Tcheck Ttotal Status Flags
r-devel-linux-x86_64-debian-clang 2.1.0 3.53 32.02 35.55 OK
r-devel-linux-x86_64-debian-gcc 2.1.0 2.88 24.74 27.62 OK
r-devel-linux-x86_64-fedora-clang 2.1.0 53.20 OK
r-devel-linux-x86_64-fedora-gcc 2.1.0 41.64 OK
r-devel-windows-ix86+x86_64 2.1.0 7.00 47.00 54.00 OK
r-devel-windows-x86_64-gcc10-UCRT 2.1.0 OK
r-patched-linux-x86_64 2.1.0 3.04 30.73 33.77 OK
r-patched-solaris-x86 2.1.0 62.10 OK
r-release-linux-x86_64 2.1.0 3.19 29.87 33.06 OK
r-release-macos-x86_64 2.1.0 OK
r-release-windows-ix86+x86_64 2.1.0 6.00 35.00 41.00 OK
r-oldrel-macos-x86_64 2.1.0 OK
r-oldrel-windows-ix86+x86_64 2.1.0 6.00 5.00 11.00 ERROR

Check Details

Version: 2.1.0
Check: whether package can be installed
Result: ERROR
    Installation failed.
    See for details.
    *
Flavor: r-oldrel-windows-ix86+x86_64