CRAN Package Check Results for Package DrugClust

Last updated on 2021-05-08 05:57:04 CEST.

Flavor Version Tinstall Tcheck Ttotal Status Flags
r-devel-linux-x86_64-debian-clang 0.2 3.05 28.18 31.23 NOTE
r-devel-linux-x86_64-debian-gcc 0.2 2.31 22.12 24.43 NOTE
r-devel-linux-x86_64-fedora-clang 0.2 48.05 NOTE
r-devel-linux-x86_64-fedora-gcc 0.2 38.27 NOTE
r-devel-windows-ix86+x86_64 0.2 9.00 44.00 53.00 NOTE
r-devel-windows-x86_64-gcc10-UCRT 0.2 NOTE
r-patched-linux-x86_64 0.2 3.44 27.88 31.32 NOTE
r-patched-solaris-x86 0.2 54.30 OK
r-release-linux-x86_64 0.2 2.69 26.94 29.63 OK
r-release-macos-x86_64 0.2 OK
r-release-windows-ix86+x86_64 0.2 8.00 33.00 41.00 OK
r-oldrel-macos-x86_64 0.2 OK
r-oldrel-windows-ix86+x86_64 0.2 5.00 4.00 9.00 ERROR

Check Details

Version: 0.2
Check: LazyData
Result: NOTE
     'LazyData' is specified without a 'data' directory
Flavors: r-devel-linux-x86_64-debian-clang, r-devel-linux-x86_64-debian-gcc, r-devel-linux-x86_64-fedora-clang, r-devel-linux-x86_64-fedora-gcc, r-devel-windows-ix86+x86_64, r-devel-windows-x86_64-gcc10-UCRT, r-patched-linux-x86_64

Version: 0.2
Check: whether package can be installed
Result: ERROR
    Installation failed.
Flavor: r-oldrel-windows-ix86+x86_64