CRAN Package Check Results for Package DendroSync

Last updated on 2024-05-22 00:53:59 CEST.

Flavor Version Tinstall Tcheck Ttotal Status Flags
r-devel-linux-x86_64-debian-clang 0.1.4 6.40 116.47 122.87 NOTE
r-devel-linux-x86_64-debian-gcc 0.1.4 5.24 85.17 90.41 NOTE
r-devel-linux-x86_64-fedora-clang 0.1.4 151.53 NOTE
r-devel-linux-x86_64-fedora-gcc 0.1.4 138.69 NOTE
r-devel-windows-x86_64 0.1.4 8.00 115.00 123.00 NOTE
r-patched-linux-x86_64 0.1.4 6.24 107.75 113.99 NOTE
r-release-linux-x86_64 0.1.4 6.24 105.59 111.83 NOTE
r-release-macos-arm64 0.1.4 56.00 NOTE
r-release-windows-x86_64 0.1.4 7.00 109.00 116.00 NOTE
r-oldrel-macos-arm64 0.1.4 63.00 OK
r-oldrel-macos-x86_64 0.1.4 96.00 OK
r-oldrel-windows-x86_64 0.1.4 9.00 125.00 134.00 OK

Check Details

Version: 0.1.4
Check: Rd files
Result: NOTE checkRd: (-1) conifersIP.Rd:9: Lost braces; missing escapes or markup? 9 | \code{conifersIP} {has following variables:} | ^ checkRd: (-1) conifersIP.Rd:11: Lost braces in \itemize; meant \describe ? checkRd: (-1) conifersIP.Rd:12: Lost braces in \itemize; meant \describe ? checkRd: (-1) conifersIP.Rd:13: Lost braces in \itemize; meant \describe ? checkRd: (-1) conifersIP.Rd:14: Lost braces in \itemize; meant \describe ? checkRd: (-1) conifersIP.Rd:15: Lost braces in \itemize; meant \describe ? checkRd: (-1) sync.Rd:22: Lost braces in \itemize; \value handles \item{}{} directly checkRd: (-1) sync.Rd:23: Lost braces in \itemize; \value handles \item{}{} directly checkRd: (-1) sync.Rd:24: Lost braces in \itemize; \value handles \item{}{} directly checkRd: (-1) sync.Rd:25: Lost braces in \itemize; \value handles \item{}{} directly checkRd: (-1) sync.Rd:26: Lost braces in \itemize; \value handles \item{}{} directly checkRd: (-1) sync.Rd:27: Lost braces in \itemize; \value handles \item{}{} directly checkRd: (-1) sync.Rd:28: Lost braces in \itemize; \value handles \item{}{} directly Flavors: r-devel-linux-x86_64-debian-clang, r-devel-linux-x86_64-debian-gcc, r-devel-linux-x86_64-fedora-clang, r-devel-linux-x86_64-fedora-gcc, r-devel-windows-x86_64, r-patched-linux-x86_64, r-release-linux-x86_64, r-release-macos-arm64, r-release-windows-x86_64