CRAN Package Check Results for Package Delaporte

Last updated on 2021-04-19 17:48:23 CEST.

Flavor Version Tinstall Tcheck Ttotal Status Flags
r-devel-linux-x86_64-debian-clang 8.0.1 3.70 44.83 48.53 OK
r-devel-linux-x86_64-debian-gcc 8.0.1 2.81 31.06 33.87 OK
r-devel-linux-x86_64-fedora-clang 8.0.1 65.21 NOTE
r-devel-linux-x86_64-fedora-gcc 8.0.1 55.22 OK
r-devel-windows-ix86+x86_64 8.0.1 14.00 76.00 90.00 OK
r-devel-windows-x86_64-gcc10-UCRT 8.0.1 OK
r-patched-linux-x86_64 8.0.1 3.52 39.72 43.24 OK
r-patched-solaris-x86 8.0.1 85.40 OK
r-release-linux-x86_64 8.0.1 3.46 40.60 44.06 OK
r-release-macos-x86_64 8.0.1 OK
r-release-windows-ix86+x86_64 8.0.1 13.00 80.00 93.00 OK
r-oldrel-macos-x86_64 8.0.1 OK
r-oldrel-windows-ix86+x86_64 8.0.1 11.00 92.00 103.00 OK

Check Details

Version: 8.0.1
Check: Rd cross-references
Result: NOTE
    Undeclared packages ‘e1071’, ‘nloptr’ in Rd xrefs
Flavor: r-devel-linux-x86_64-fedora-clang