CRAN Package Check Results for Package DeRezende.Ferreira

Last updated on 2021-05-08 05:57:03 CEST.

Flavor Version Tinstall Tcheck Ttotal Status Flags
r-devel-linux-x86_64-debian-clang 0.1.0 2.45 40.99 43.44 OK
r-devel-linux-x86_64-debian-gcc 0.1.0 1.94 30.93 32.87 OK
r-devel-linux-x86_64-fedora-clang 0.1.0 62.33 OK
r-devel-linux-x86_64-fedora-gcc 0.1.0 49.22 OK
r-devel-windows-ix86+x86_64 0.1.0 6.00 11.00 17.00 OK
r-devel-windows-x86_64-gcc10-UCRT 0.1.0 OK
r-patched-linux-x86_64 0.1.0 2.46 39.63 42.09 OK
r-patched-solaris-x86 0.1.0 73.70 OK
r-release-linux-x86_64 0.1.0 2.16 40.41 42.57 OK
r-release-macos-x86_64 0.1.0 OK
r-release-windows-ix86+x86_64 0.1.0 4.00 44.00 48.00 OK
r-oldrel-macos-x86_64 0.1.0 OK
r-oldrel-windows-ix86+x86_64 0.1.0 4.00 44.00 48.00 OK

Check Details

Version: 0.1.0
Check: whether package ‘DeRezende.Ferreira’
Result: FAIL
Flavor: r-devel-windows-ix86+x86_64