CRAN Package Check Results for Package DatastreamDSWS2R

Last updated on 2021-05-08 11:50:22 CEST.

Flavor Version Tinstall Tcheck Ttotal Status Flags
r-devel-linux-x86_64-debian-clang 1.7.9 11.52 53.89 65.41 OK
r-devel-linux-x86_64-debian-gcc 1.7.9 9.22 40.85 50.07 OK
r-devel-linux-x86_64-fedora-clang 1.7.9 90.28 NOTE
r-devel-linux-x86_64-fedora-gcc 1.7.9 80.57 NOTE
r-devel-windows-ix86+x86_64 1.7.9 22.00 73.00 95.00 OK
r-devel-windows-x86_64-gcc10-UCRT 1.7.9 NOTE
r-patched-linux-x86_64 1.7.9 11.85 50.86 62.71 OK
r-patched-solaris-x86 1.7.9 113.30 NOTE
r-release-linux-x86_64 1.7.9 11.93 50.81 62.74 OK
r-release-macos-x86_64 1.7.9 NOTE
r-release-windows-ix86+x86_64 1.7.9 19.00 51.00 70.00 OK
r-oldrel-macos-x86_64 1.7.9 NOTE
r-oldrel-windows-ix86+x86_64 1.7.9 22.00 65.00 87.00 OK

Check Details

Version: 1.7.9
Check: data for non-ASCII characters
Result: NOTE
     Note: found 8 marked Latin-1 strings
Flavors: r-devel-linux-x86_64-fedora-clang, r-devel-linux-x86_64-fedora-gcc, r-devel-windows-x86_64-gcc10-UCRT, r-patched-solaris-x86, r-release-macos-x86_64, r-oldrel-macos-x86_64