CRAN Package Check Results for Package DatabaseConnectorJars

Last updated on 2024-05-28 05:54:48 CEST.

Flavor Version Tinstall Tcheck Ttotal Status Flags
r-devel-linux-x86_64-debian-clang 1.1.0 4.32 36.93 41.25 OK
r-devel-linux-x86_64-debian-gcc 1.1.0 2.65 27.02 29.67 OK
r-devel-linux-x86_64-fedora-clang 1.1.0 45.86 NOTE
r-devel-linux-x86_64-fedora-gcc 1.1.0 47.71 OK
r-devel-windows-x86_64 1.1.0 5.00 46.00 51.00 NOTE
r-patched-linux-x86_64 1.1.0 4.72 34.22 38.94 OK
r-release-linux-x86_64 1.1.0 3.92 33.61 37.53 OK
r-release-macos-arm64 1.1.0 20.00 NOTE
r-release-windows-x86_64 1.1.0 5.00 45.00 50.00 NOTE
r-oldrel-macos-arm64 1.1.0 20.00 NOTE
r-oldrel-macos-x86_64 1.1.0 36.00 NOTE
r-oldrel-windows-x86_64 1.1.0 4.00 55.00 59.00 NOTE

Check Details

Version: 1.1.0
Check: installed package size
Result: NOTE installed size is 7.6Mb sub-directories of 1Mb or more: java 7.5Mb Flavors: r-devel-linux-x86_64-fedora-clang, r-devel-windows-x86_64, r-release-macos-arm64, r-release-windows-x86_64, r-oldrel-macos-arm64, r-oldrel-macos-x86_64, r-oldrel-windows-x86_64