CRAN Package Check Results for Package DataLoader

Last updated on 2021-05-08 05:57:03 CEST.

Flavor Version Tinstall Tcheck Ttotal Status Flags
r-devel-linux-x86_64-debian-clang 1.3 8.52 78.91 87.43 NOTE
r-devel-linux-x86_64-debian-gcc 1.3 7.35 59.55 66.90 NOTE
r-devel-linux-x86_64-fedora-clang 1.3 112.32 NOTE
r-devel-linux-x86_64-fedora-gcc 1.3 101.94 NOTE
r-devel-windows-ix86+x86_64 1.3 24.00 83.00 107.00 NOTE
r-devel-windows-x86_64-gcc10-UCRT 1.3 NOTE
r-patched-linux-x86_64 1.3 8.37 76.47 84.84 NOTE
r-patched-solaris-x86 1.3 120.50 OK
r-release-linux-x86_64 1.3 8.72 73.94 82.66 OK
r-release-macos-x86_64 1.3 OK
r-release-windows-ix86+x86_64 1.3 12.00 58.00 70.00 OK
r-oldrel-macos-x86_64 1.3 OK
r-oldrel-windows-ix86+x86_64 1.3 14.00 74.00 88.00 OK

Check Details

Version: 1.3
Check: LazyData
Result: NOTE
     'LazyData' is specified without a 'data' directory
Flavors: r-devel-linux-x86_64-debian-clang, r-devel-linux-x86_64-debian-gcc, r-devel-linux-x86_64-fedora-clang, r-devel-linux-x86_64-fedora-gcc, r-devel-windows-ix86+x86_64, r-devel-windows-x86_64-gcc10-UCRT, r-patched-linux-x86_64