CRAN Package Check Results for Package DT

Last updated on 2020-08-10 00:46:50 CEST.

Flavor Version Tinstall Tcheck Ttotal Status Flags
r-devel-linux-x86_64-debian-clang 0.15 4.76 34.96 39.72 OK
r-devel-linux-x86_64-debian-gcc 0.15 3.94 27.14 31.08 OK
r-devel-linux-x86_64-fedora-clang 0.15 54.27 NOTE
r-devel-linux-x86_64-fedora-gcc 0.15 46.14 OK
r-devel-windows-ix86+x86_64 0.15 26.00 68.00 94.00 OK
r-patched-linux-x86_64 0.15 5.51 34.35 39.86 OK
r-patched-solaris-x86 0.15 69.40 OK
r-release-linux-x86_64 0.15 4.06 33.95 38.01 OK
r-release-macos-x86_64 0.15 OK
r-release-windows-ix86+x86_64 0.15 21.00 67.00 88.00 OK
r-oldrel-macos-x86_64 0.15 OK
r-oldrel-windows-ix86+x86_64 0.14 13.00 47.00 60.00 OK

Check Details

Version: 0.15
Check: installed package size
Result: NOTE
     installed size is 5.4Mb
     sub-directories of 1Mb or more:
     htmlwidgets 4.4Mb
Flavor: r-devel-linux-x86_64-fedora-clang