CRAN Package Check Results for Package DSAIRM

Last updated on 2020-09-21 00:48:05 CEST.

Flavor Version Tinstall Tcheck Ttotal Status Flags
r-devel-linux-x86_64-debian-clang 0.8.6 10.14 149.15 159.29 OK
r-devel-linux-x86_64-debian-gcc 0.8.6 8.02 105.43 113.45 OK
r-devel-linux-x86_64-fedora-clang 0.8.6 197.28 NOTE
r-devel-linux-x86_64-fedora-gcc 0.8.6 191.79 NOTE
r-devel-windows-ix86+x86_64 0.8.6 22.00 186.00 208.00 OK
r-patched-linux-x86_64 0.8.6 9.82 138.66 148.48 OK
r-patched-solaris-x86 0.8.6 233.40 NOTE
r-release-linux-x86_64 0.8.6 9.20 140.45 149.65 OK
r-release-macos-x86_64 0.8.6 NOTE
r-release-windows-ix86+x86_64 0.8.6 24.00 197.00 221.00 OK
r-oldrel-macos-x86_64 0.8.6 ERROR
r-oldrel-windows-ix86+x86_64 0.8.6 14.00 131.00 145.00 ERROR

Check Details

Version: 0.8.6
Check: dependencies in R code
Result: NOTE
    Namespace in Imports field not imported from: ‘tidyr’
     All declared Imports should be used.
Flavors: r-devel-linux-x86_64-fedora-clang, r-devel-linux-x86_64-fedora-gcc, r-patched-solaris-x86, r-release-macos-x86_64, r-oldrel-macos-x86_64

Version: 0.8.6
Check: tests
Result: ERROR
     Running ‘testthat.R’ [39s/39s]
    Running the tests in ‘tests/testthat.R’ failed.
    Last 13 lines of output:
     wrong sign in 'by' argument
     Error in adaptivetau::ssa.adaptivetau(init.values = Y0, transitions = transitions, :
     initial value for variable 3 must be positive (currently -10)
     Error in eval(generate_fctcall(modelsettings)) :
     attempt to apply non-function
     ── 2. Error: run_model correctly runs different models (@test-run_model.R#58) ─
     $ operator is invalid for atomic vectors
    
     ══ testthat results ═══════════════════════════════════════════════════════════
     [ OK: 54 | SKIPPED: 0 | WARNINGS: 5 | FAILED: 2 ]
     1. Error: generate_shinyinput correctly produces a shiny input structure (@test-generate_shinyinput.R#21)
     2. Error: run_model correctly runs different models (@test-run_model.R#58)
    
     Error: testthat unit tests failed
     Execution halted
Flavor: r-oldrel-macos-x86_64

Version: 0.8.6
Check: tests
Result: ERROR
     Running 'testthat.R' [45s]
    Running the tests in 'tests/testthat.R' failed.
    Complete output:
     > library(testthat)
     > library(DSAIRM)
     Loading required package: shiny
     Welcome to the DSAIRM package. Type dsairmmenu() to get started.
     >
     > test_check("DSAIRM")
     -- 1. Error: generate_shinyinput correctly produces a shiny input structure (@te
     'nchar()' requires a character vector
     Backtrace:
     1. base::nchar(appsettings$simfunction2)
    
     Error in seq.default(tstart, tfinal, by = dt) :
     wrong sign in 'by' argument
     Error in adaptivetau::ssa.adaptivetau(init.values = Y0, transitions = transitions, :
     initial value for variable 3 must be positive (currently -10)
     Error in eval(generate_fctcall(modelsettings)) :
     attempt to apply non-function
     -- 2. Error: run_model correctly runs different models (@test-run_model.R#58) -
     $ operator is invalid for atomic vectors
    
     == testthat results ===========================================================
     [ OK: 54 | SKIPPED: 0 | WARNINGS: 5 | FAILED: 2 ]
     1. Error: generate_shinyinput correctly produces a shiny input structure (@test-generate_shinyinput.R#21)
     2. Error: run_model correctly runs different models (@test-run_model.R#58)
    
     Error: testthat unit tests failed
     Execution halted
Flavor: r-oldrel-windows-ix86+x86_64