CRAN Package Check Results for Package DRaWR

Last updated on 2021-05-08 00:47:02 CEST.

Flavor Version Tinstall Tcheck Ttotal Status Flags
r-devel-linux-x86_64-debian-clang 1.0.1 6.79 63.83 70.62 NOTE
r-devel-linux-x86_64-debian-gcc 1.0.1 5.55 49.01 54.56 NOTE
r-devel-linux-x86_64-fedora-clang 1.0.1 97.39 NOTE
r-devel-linux-x86_64-fedora-gcc 1.0.1 84.92 NOTE
r-devel-windows-ix86+x86_64 1.0.1 11.00 80.00 91.00 NOTE
r-devel-windows-x86_64-gcc10-UCRT 1.0.1 NOTE
r-patched-linux-x86_64 1.0.1 6.23 60.74 66.97 NOTE
r-patched-solaris-x86 1.0.1 128.30 NOTE
r-release-linux-x86_64 1.0.1 6.73 58.38 65.11 NOTE
r-release-macos-x86_64 1.0.1 NOTE
r-release-windows-ix86+x86_64 1.0.1 13.00 64.00 77.00 NOTE
r-oldrel-macos-x86_64 1.0.1 NOTE
r-oldrel-windows-ix86+x86_64 1.0.1 14.00 4.00 18.00 ERROR

Check Details

Version: 1.0.1
Check: R code for possible problems
Result: NOTE
    DRaWR: no visible global function definition for 'write.table'
    DRaWR: no visible global function definition for 'read.table'
    DRaWR: no visible global function definition for 'aggregate'
    DRaWR: no visible global function definition for 'slot'
    Undefined global functions or variables:
     aggregate read.table slot write.table
    Consider adding
     importFrom("methods", "slot")
     importFrom("stats", "aggregate")
     importFrom("utils", "read.table", "write.table")
    to your NAMESPACE file (and ensure that your DESCRIPTION Imports field
    contains 'methods').
Flavors: r-devel-linux-x86_64-debian-clang, r-devel-linux-x86_64-debian-gcc, r-devel-linux-x86_64-fedora-clang, r-devel-linux-x86_64-fedora-gcc, r-devel-windows-ix86+x86_64, r-devel-windows-x86_64-gcc10-UCRT, r-patched-linux-x86_64, r-patched-solaris-x86, r-release-linux-x86_64, r-release-macos-x86_64, r-release-windows-ix86+x86_64, r-oldrel-macos-x86_64

Version: 1.0.1
Check: for non-standard things in the check directory
Result: NOTE
    Found the following files/directories:
     'output_sample.uni.sample.undir.weight.type.50.1e-04.0.7.base'
     'output_sample.uni.sample.undir.weight.type.50.1e-04.1.1.0.7.sample.setlist.stats'
Flavors: r-devel-linux-x86_64-debian-clang, r-devel-linux-x86_64-debian-gcc, r-devel-linux-x86_64-fedora-clang, r-devel-linux-x86_64-fedora-gcc, r-patched-linux-x86_64, r-patched-solaris-x86, r-release-linux-x86_64

Version: 1.0.1
Check: whether package can be installed
Result: ERROR
    Installation failed.
Flavor: r-oldrel-windows-ix86+x86_64