CRAN Package Check Results for Package DCEM

Last updated on 2020-10-20 05:48:11 CEST.

Flavor Version Tinstall Tcheck Ttotal Status Flags
r-devel-linux-x86_64-debian-clang 2.0.4 20.68 34.43 55.11 OK
r-devel-linux-x86_64-debian-gcc 2.0.4 14.98 26.77 41.75 OK
r-devel-linux-x86_64-fedora-clang 2.0.4 79.67 NOTE
r-devel-linux-x86_64-fedora-gcc 2.0.4 65.97 NOTE
r-devel-windows-ix86+x86_64 2.0.4 35.00 63.00 98.00 OK
r-patched-linux-x86_64 2.0.4 17.41 32.38 49.79 OK
r-patched-solaris-x86 2.0.4 81.40 NOTE
r-release-linux-x86_64 2.0.4 17.35 32.12 49.47 OK
r-release-macos-x86_64 2.0.4 NOTE
r-release-windows-ix86+x86_64 2.0.4 42.00 77.00 119.00 OK
r-oldrel-macos-x86_64 2.0.4 NOTE
r-oldrel-windows-ix86+x86_64 2.0.4 31.00 58.00 89.00 OK

Check Details

Version: 2.0.4
Check: dependencies in R code
Result: NOTE
    Namespace in Imports field not imported from: ‘MASS’
     All declared Imports should be used.
Flavors: r-devel-linux-x86_64-fedora-clang, r-devel-linux-x86_64-fedora-gcc, r-patched-solaris-x86, r-release-macos-x86_64, r-oldrel-macos-x86_64